omposite?
True
Suppose 5*u + l = u + 20, -3*u + l + 22 = 0. Suppose 5045 = 11*t - u*t. Is t a composite number?
False
Suppose -924*q = -934*q + 8204590. Is q composite?
False
Let i(f) = -13*f - 65. Let k be i(-5). Suppose 4*r + 4*t - 37090 = 51994, k = 4*r + t - 89072. Is r a prime number?
False
Suppose 646*b = 635*b + 420145. Is b a prime number?
False
Let p = 34 + -34. Suppose p = v - 2259 - 1852. Is v prime?
True
Let m = 53 + -52. Is 2/((m/(-409))/(3/(-6))) prime?
True
Let s(b) = 39*b**2 - 6*b - 11. Is s(-10) a prime number?
False
Let y(z) = 327*z**3 - 14 - 3*z + 4 + 33*z**2 - 325*z**3. Is y(-11) a composite number?
True
Let u(n) = n. Let s(q) = -461*q + 7 + 1551*q - 12 + 1. Let t(l) = s(l) + u(l). Is t(1) composite?
False
Let x = 133 + -166. Is 7801 + (-11)/(x/(-24)) a prime number?
True
Is -8 + 16/((-160)/(-758770)) a composite number?
False
Suppose -5*w = -9*w + 16. Suppose 5 = -g - w. Let b(u) = -5*u - 22. Is b(g) a prime number?
True
Let s be 3/(-12) - 321/(-4). Let i = -6 + 6. Suppose -b = 4*n - 85 + 2, -b - n + s = i. Is b composite?
False
Let n = -700 - -703. Let z(w) = 163*w**3 - 3*w**2 + 3*w - 4. Is z(n) a composite number?
True
Suppose -158513 - 123373 = -m - 4*k, 5*m - 4*k = 1409382. Is m composite?
True
Suppose -64*a = -3*z - 65*a + 1787617, 0 = 4*z - 3*a - 2383498. Is z prime?
True
Let q = -1437 - -2265. Suppose -q + 19089 = 9*u. Is u a prime number?
True
Let z = -23 - -25. Let w be 339 + 2/(-2) + 1*z. Suppose 0 = -4*k - 3*q + w, 0*k - 2*q = 3*k - 254. Is k a composite number?
True
Let q(s) = 3515*s - 948. Is q(55) a prime number?
True
Let c(v) = -1103*v - 57. Let w(n) = -2208*n - 114. Let z(j) = 5*c(j) - 2*w(j). Is z(-6) a composite number?
True
Suppose 2380*i - 2374*i - 213132 = 0. Is i a prime number?
False
Let p(h) = -3760*h + 203. Let q be p(-11). Suppose 24925 = 2*z + z + 2*s, 5*z - q = 2*s. Is z composite?
False
Let n(c) = -3*c**3 + 235*c**2 - 78*c - 27. Is n(55) composite?
False
Suppose -3*d + 5*x = 30, 2*x + 0*x + 10 = -d. Let j(u) = u**3 + 9*u**2 - 10*u + 9. Let m be j(d). Suppose m + 6 = 5*o, 197 = 4*y - 5*o. Is y a prime number?
True
Let r(k) = 307*k**2 + 58*k - 11. Let h be r(-27). Suppose -50*s + 4*s = -h. Is s prime?
True
Suppose 63*k - 471 = 64*k. Is k*((-66)/(-18) - 4) prime?
True
Let o be (-940)/(-15) - 4 - (-2)/(-3). Let t(b) = 17*b - 11*b - o*b - 20 - 1. Is t(-5) a composite number?
False
Let m = 177124 + -115373. Is m composite?
False
Let b(m) be the third derivative of 0*m - 1/60*m**5 + 18*m**2 + 0 + 7/8*m**4 + 9/2*m**3. Is b(17) a composite number?
True
Suppose -6*w + 124 = 28. Let o(j) = -w*j**2 - j**3 - j**3 - 2*j**3 + 5*j**3 - 29*j + 5. Is o(18) composite?
False
Is ((2851124/(-9))/2)/(764/(-3438)) a composite number?
False
Suppose -2*y = -5*o - 14600, 4*y + 0*o - 4*o = 29212. Suppose -21*u + 29124 = y. Is u prime?
True
Suppose 4347*u - 4331*u = 1895696. Is u a composite number?
True
Let k(g) = -3385*g + 58. Suppose -4*f + 5*h = -3, 0*h + 15 = -5*h. Is k(f) prime?
False
Let k = 13298 - 7926. Suppose 4*s - 4*d - k = 21608, -d + 20227 = 3*s. Is s composite?
True
Let h = 245888 + 52881. Is h a prime number?
False
Let r be 585 - 1 - (5 + 0 + -3). Suppose 3*z - 3*v + r = 0, -v + 572 = -2*z - z. Let h = z + 440. Is h a composite number?
False
Let s(a) = a**3 + 2*a + 4. Let m be s(0). Suppose m*f = -3*i + 2635, -i - 3*f + 873 = -7. Is i prime?
True
Suppose 4*b + 6352 - 523 = -d, 5*b + 4*d + 7289 = 0. Let m = b + 4343. Let x = -1935 + m. Is x composite?
True
Let j be 17647/9 + (-64)/36 + 2. Suppose 3*k - 767 - 2142 = -5*d, d + j = 2*k. Let c = 1551 - k. Is c a composite number?
True
Let m(j) = 78*j - 69. Let v be m(13). Is 1*2/(-7) - (-6147495)/v a composite number?
True
Let t be 176/11*(-9)/12. Is ((-883)/(-2))/(501/(-42) - t) a composite number?
True
Suppose -2*s = -d - 374025, -2*s = 3*d - 194019 - 179978. Is s a composite number?
False
Suppose 13869 = 3*m - 3*x + x, -3*m + 3*x + 13872 = 0. Is m prime?
True
Suppose 4*f = 2*u - 23902, -17173 = 4*u + 5*f - 64951. Is u a prime number?
False
Let o = -27 + 45. Suppose 0 = o*l - 187323 - 123087. Is l a prime number?
False
Let n(h) be the third derivative of 1879*h**4/24 - h**3/2 - h**2 + 70. Suppose 3*u + 5 = t - 6, -5*u - 21 = -3*t. Is n(t) a composite number?
True
Let t = 1548538 - 883675. Is t composite?
True
Let s = 82522 + -5063. Is s a prime number?
False
Let b(h) = 2109*h**2 + 120*h + 3. Let r(f) = -703*f**2 - 40*f - 1. Let t(u) = 3*b(u) + 8*r(u). Is t(4) a composite number?
True
Let r be (-8)/(-6)*(2/(-8) + 1). Let q be r + (2 - 3) + (2 - 0). Suppose -q*j - 526 = -4*m - 3*j, -5*j + 10 = 0. Is m prime?
True
Let k be 0*2*(-1)/4 + -2634. Let s = -1285 - k. Is s a composite number?
True
Suppose 6981743 - 237852 = 73*x - 3508448. Is x a composite number?
False
Suppose 3*t + t = -8, t = -4*g + 33706. Suppose 5*q = -w + g, 3*w - 12*q - 25209 = -9*q. Is w a composite number?
True
Let f(b) = 61*b**2 - 26*b - 68. Let j be f(-5). Let u = 7962 - 5167. Suppose -4*i + 3*g + 653 = -j, -5*i + u = -5*g. Is i a prime number?
True
Let l = -42 + 76. Let d = l - 29. Suppose 5*a - 1287 = -2*t, 4434 - 1230 = d*t - a. Is t a prime number?
True
Let k be -2 + (-15)/5 + -5. Is (5262/(-4))/(1*15/k) a composite number?
False
Suppose -12*i + 324042 = -149586. Is i composite?
True
Let b = 32467 - -901962. Is b a composite number?
False
Suppose -2*k + 3*k - 7 = -q, -5*q + 5*k - 5 = 0. Suppose -18 = -3*v - 3*i, 0 = -v + q*i - 4 - 6. Is (1585/5)/(3 - v) prime?
True
Suppose -3*i - 704 = 8*i. Is (i/4)/(4/(-350)) - 1 prime?
True
Suppose -12 = -4*m + 4. Let u(o) = -3125*o + 79. Let k(s) = -2233*s + 57. Let j(c) = -17*k(c) + 12*u(c). Is j(m) composite?
False
Let n = 28330 - -67779. Is n a composite number?
True
Let k(a) = -119*a**2 + 33*a - 52. Let v be k(39). Is (0 + (-3)/2)/(78/v) composite?
False
Suppose 5*h = 3*t + 28, -65 = -5*h - 2*t - 17. Suppose 7*q = h*q. Suppose -5*o - 4*b + 298 = 0, o + 2*b + b - 53 = q. Is o composite?
True
Let y = -152 - -175. Suppose 62186 + 5135 = y*h. Is h a composite number?
False
Is (6 - (-85477 - (-11 - -3))) + -4 a composite number?
True
Suppose -41*f - 15 = -44*f. Suppose f*y = 3*b - 12136, 9*y = 5*b + 13*y - 20165. Is b a prime number?
False
Suppose 17*b - 1164303 = 2*b + 374142. Is b a prime number?
True
Let k(n) = -23*n**3 - 2*n**2 + 26*n - 22. Let c(z) = -23*z**3 - z**2 + 25*z - 21. Let u(p) = -5*c(p) + 4*k(p). Is u(6) a prime number?
True
Let j = -92 + 101. Is 68065/(-40)*-4 - j/6 a composite number?
True
Let a be (-2)/2*(-8 + -2 + 3). Suppose -a*g + 11*g = 72. Is 693/g - 3/2 prime?
True
Suppose -a + 28 = 5*p, 0 = 3*a - 4*p + 7 + 4. Suppose 5*t + 6280 = 5*i, -5 = -a*t + 2*t. Is i prime?
False
Let j(v) = -5868*v + 10643. Is j(-7) prime?
True
Let s(k) = 79*k**3 + 6*k**2 - 16*k + 13. Let q be s(7). Is (9 + -11)/((-8)/q) composite?
False
Is 18204468/24*1*6/(3/1) a prime number?
True
Suppose 593 = v - 5*c, 234 + 351 = v - c. Let o = v + 48. Is o prime?
True
Suppose -15400*d + 15414*d - 14661206 = 0. Is d prime?
True
Let r = 26 - 25. Let i(k) = 2289*k**2 - 8*k. Is i(r) a prime number?
True
Let g(t) = -6*t**2 - 35*t + 2. Let r be g(-6). Is 1834140/364 - r/26 a composite number?
False
Let r(k) = 3635*k + 1571*k + 652*k + 461*k - 20. Is r(1) a prime number?
True
Let v be (-10 - -6 - -5) + 1 + 1. Suppose 0 = -k + v*z + 893, 4*k - 2*k - 1781 = 5*z. Is k a composite number?
True
Suppose 2721 + 1647 = 2*f. Let t = 11 + -8. Suppose -t*h + f = 3*b - 5001, -5*h = -4*b - 11957. Is h prime?
True
Suppose 51*j = 59*j - 72. Suppose j*m + 4694 = 19751. Is m composite?
True
Let p be ((-104)/(-5))/(25/750). Suppose 2*z + i = 1253, 4*i = -z + 417 + 220. Let v = z + p. Is v prime?
True
Let o(h) = 630*h + 12. Let l be o(3). Suppose 3*x + 5*w = 7*x - 2541, 0 = -3*x + 3*w + l. Is x prime?
False
Suppose 13*s - 8*s = 4*k + 97, -3*k + 4*s = 74. Is 2/k*-2361*(1 + 2) composite?
False
Let u(f) = -f + 1. Let l be u(-4). Suppose 5*v - 5 = l*d, -3*d = -2*v - 2*d + 6. Suppose v*p - 4636 - 6129 = 0. Is p a composite number?
False
Let k be -26*((-50)/(-5))/(-20). Suppose 24*f - 61127 = k*f. Is f prime?
True
Let d be 65/10 - 5 - 12975/2. Let j = -4385 - d. Is j prime?
False
Let a = 477 - 479. Let z(x) = 2034*x**2 + 26*x - 3. Is z(a) composite?
False
Let x(z) = 20*z**2 - 4*z - 8. Let w be